 b = 0. Suppose 3*s = -j - 25 + d, 0 = 3*j - 3. What are the prime factors of s?
2, 13
Suppose z + 5*t - 11 = 5, -5*z + 2*t = 1. Let s(w) = 88*w**3 + w**2 + 3*w - 3. List the prime factors of s(z).
89
Let y(z) = 12*z**2 - 33*z - 37. What are the prime factors of y(-16)?
7, 509
Suppose -3*w = w. Let c be (12/(-15))/((-1)/60). Suppose -3*j + 30 = 2*p - 1, -3*p - 5*j + c = w. List the prime factors of p.
11
Let n(z) = 90*z**2 + 14 - 9*z + 2 - 13. List the prime factors of n(2).
3, 5, 23
Let u be (-5)/1*540/(-25). Suppose -3*z + u + 69 = 0. List the prime factors of z.
59
Let z(q) be the first derivative of q**3/3 - q**2 - 8*q + 1. Let l(y) = y**3 - 9*y**2 - 3*y + 19. Let j be l(9). What are the prime factors of z(j)?
2, 3
Let u(y) be the third derivative of y**5/20 - y**4/8 + 5*y**3/6 - 22*y**2. List the prime factors of u(-5).
5, 19
Let k = 301 - 173. Let m = k - 49. List the prime factors of m.
79
Let v = -6100 - -11877. List the prime factors of v.
53, 109
Suppose -19*c + 15*c + 200 = 0. Let f(t) = t**3 - 6*t**2 + 4*t + 5. Let a be f(4). Let v = a + c. What are the prime factors of v?
3, 13
Let d = 863 + -326. What are the prime factors of d?
3, 179
Let c(i) = i**2 + 8*i + 331. What are the prime factors of c(-34)?
3, 5
Let v(d) = 27*d**2 - 13*d + 79. What are the prime factors of v(6)?
7, 139
Let f be (-2)/(6 + -4)*-5. Let q = f + 21. List the prime factors of q.
2, 13
Let f = 1569 - 380. What are the prime factors of f?
29, 41
Let s(y) = -y**3 + y + 257. Let d be s(0). Let r = -103 + d. What are the prime factors of r?
2, 7, 11
Let g(p) = 4*p**2 + 2*p + 1. Let t be g(-2). Suppose 18 = -2*m + 8, m + t = 4*i. Suppose -i*l + 18 = -0*l. List the prime factors of l.
3
Let c(f) = 16*f**2 + 4*f + 5. Let t be c(-5). Suppose 4*b - 151 = 2*l - 557, -2*l = 3*b - t. List the prime factors of l.
197
Let w = 84 + -30. Let r = 3 - w. What are the prime factors of r/(-7) - (-4)/(-14)?
7
Let m(f) = 29*f - 114. List the prime factors of m(8).
2, 59
Let h(j) = j**2 + 11*j + 80. List the prime factors of h(-24).
2, 7
Let n = 381 - 244. Suppose -3*b = 3*i - 366, -i + b + n = 5*b. List the prime factors of i.
3, 13
Let p = 139 + 541. What are the prime factors of p?
2, 5, 17
Let n = 576 - -1715. List the prime factors of n.
29, 79
Let y(g) = -g**2 - 166*g + 11. List the prime factors of y(-17).
2, 3, 53
Let c(g) = -g**3 - 51. Let p be c(0). Suppose 532 = -5*u + 97. Let b = p - u. What are the prime factors of b?
2, 3
Let h be -4 + 9 + (-2 - -1). Let s(n) = -2*n**2 + 2*n - 2. Let t(w) = -2*w**2 + 2*w - 4. Let y(k) = 2*s(k) - 3*t(k). List the prime factors of y(h).
2
Let w(v) = 181*v**2 + 4*v + 5. Let h be w(-1). Suppose 0 = -5*q + 2*z + h, -2*q + 3*z = 8*z - 67. List the prime factors of q.
2, 3
Let m(v) = -66*v. Let p be m(1). Suppose 10 = 3*t - 2*t. List the prime factors of (t/15)/((-4)/p).
11
Let p = -17 + 23. Let r(f) = 4*f**3 - 6*f**2 - 3*f**2 - 5*f**3 - 6 + 13 - p*f. What are the prime factors of r(-9)?
61
Let n = 536 - -361. List the prime factors of n.
3, 13, 23
Suppose -3*f = -1718 - 2929. What are the prime factors of f?
1549
Let v(x) = 239*x + 11. What are the prime factors of v(3)?
2, 7, 13
Suppose 24 = 2*l - 392. What are the prime factors of l?
2, 13
Let s = -9 - -37. Let w = 53 - s. What are the prime factors of w?
5
Let q = 3155 - 1955. List the prime factors of q.
2, 3, 5
Suppose 3*h + 6 = -273. Let t be 2/(-11) + h/33. What are the prime factors of 122/(-6)*t + -3?
2, 29
Let k(w) = 65*w**2 - 6*w + 5. Suppose j = 0, 8*c - 4*c - 8 = -4*j. List the prime factors of k(c).
11, 23
Let m = 467 + -457. What are the prime factors of m?
2, 5
Let a(g) = -g**2 - 9*g - 8. Let r be a(-8). Suppose -s = -4*k + 160, 5*k - 217 = -r*s - 3*s. List the prime factors of k.
41
Let b(h) = h**2 + 10*h + 4. Let r be b(-10). Let d be 6 + 0 - (-16 - -18). Suppose -5*u + 78 = 4*z, -d*u = -3*z - r + 78. List the prime factors of z.
2, 11
Let s(b) = 2*b**2 + 4. Let v be s(-6). Let g = 1 + v. What are the prime factors of g?
7, 11
Let n(j) = -j**2 + 15*j - 22. Let h be n(13). Suppose -h*l + l = -477. What are the prime factors of l?
3, 53
Let g(o) = 3*o**3 - 3*o**2 + 4*o - 9. Let k = -79 + 83. List the prime factors of g(k).
151
Let n(d) = -2 + 7*d - 9*d + 15*d. List the prime factors of n(5).
3, 7
Let k(l) be the first derivative of 1 + 7/3*l**3 - 1/2*l**2 + 9*l + 1/4*l**4. List the prime factors of k(-7).
2
Let s(k) = k**2 - 4*k - 18. What are the prime factors of s(17)?
7, 29
Let g(i) = 21*i**2 - i + 2. What are the prime factors of g(2)?
2, 3, 7
Let c(f) = 2*f + f**3 - f - 4*f**3 - 5*f**2 + 4*f**3 - 3. Let h be c(5). Suppose 4*b - 90 = h*b. What are the prime factors of b?
3, 5
Let c = 4204 - 1271. What are the prime factors of c?
7, 419
Suppose -11*h = -8*h + 21. Let v be 17/7 - (-3)/h. Suppose v*y = 7*y - 130. What are the prime factors of y?
2, 13
Suppose -17*y = -21*y + 1184. What are the prime factors of y?
2, 37
Suppose -250*n + 251*n = 1335. List the prime factors of n.
3, 5, 89
Let o = 6 + -16. Let k be o/((0 - 2) + 0). Suppose -9 = -c - k*q, -q + 36 = 4*c - 3*q. What are the prime factors of c?
3
Let c(q) = -3*q**2 - 9*q - 2. Let n be c(-6). List the prime factors of (-13)/((-39)/n)*(-18)/8.
2, 3, 7
Let a(c) = c**2 + 7*c + 18. Let i be (-450)/40 + 3/(-4). List the prime factors of a(i).
2, 3, 13
Let f = -3650 + 6368. What are the prime factors of f?
2, 3, 151
Suppose -4 = -5*c + 3*c. What are the prime factors of 1/((1/c)/(19/2))?
19
Let j(a) = a**2 + 43*a - 25. List the prime factors of j(32).
5, 19
Let m(r) = 44*r**2 + 15*r + 52. What are the prime factors of m(-7)?
3, 701
Suppose 15*b - 7*b = 32. Suppose 0 = -0*y - y - b*k + 147, 2*y + 5*k = 309. List the prime factors of y.
167
Let j = 15 - 10. Suppose 30 = -5*z + 10, 4*l - j*z = 32. Suppose -l*c + 42 = -30. What are the prime factors of c?
2, 3
Let x(z) = -z**2 + 11*z + 14. Let f be x(12). Let t be (1 - f) + 161/7. Let v = t - 16. List the prime factors of v.
2, 3
Let q = 2 - -1. Suppose -q*w + w = -8. Let v(a) = -a**2 + 8*a + 4. What are the prime factors of v(w)?
2, 5
Suppose -2*l = p - 7, 3*p = -3*l - 3 + 9. Let n be 1*(4 + l + -4). What are the prime factors of 20*(1 - (-1)/n)?
2, 3
Suppose -206*m = -212*m + 39618. List the prime factors of m.
3, 31, 71
Let o(l) = 201*l + 112. What are the prime factors of o(9)?
17, 113
Suppose 4*p + 3*d - 30 = -2*d, 0 = -p - 2*d + 9. Let y be -4 - -1 - (-4 + p). What are the prime factors of 10/y*(-15 - -1)?
5, 7
Suppose -3*b = -3*x - 5*b + 1308, 865 = 2*x - b. What are the prime factors of x?
2, 7, 31
List the prime factors of 2/6 - 78704/(-48).
2, 5, 41
Suppose 0 = -8*r + 7*r - 2. List the prime factors of (4 - 117/6)*r.
31
Suppose -7*n = -3*p - 6*n + 983, -1314 = -4*p + 3*n. Suppose -1320 - p = -9*f. What are the prime factors of f?
3, 61
Suppose -11*x - 1 = -67. Suppose -3*w + x*w - 57 = 0. List the prime factors of w.
19
Suppose -i + 4*i + 9 = 0. Let p be 25/(i/6*-2). Suppose 5*f + p = 140. What are the prime factors of f?
23
Let u(b) = 4*b**2 - 28*b - 18. What are the prime factors of u(-9)?
2, 3, 31
Let n(k) = 2*k + 5. Suppose -2 - 6 = -d. Let p be n(d). Let a = 20 + p. List the prime factors of a.
41
Let v(u) = u - 3. Let y be v(0). What are the prime factors of 98/6 - (-1)/y?
2
Let q(k) = 3*k**2 - 1. Let t be q(1). Suppose 4*r - 79 = -5*a, -4*a + a - t*r = -47. List the prime factors of a.
3, 5
Suppose -p = 4*w - 4256, 11*w - 13*w - p + 2128 = 0. What are the prime factors of w?
2, 7, 19
Let y be (9/2)/9*2. Let c be 1*(y - -1 - -39). Let f = c + 33. List the prime factors of f.
2, 37
Let d(l) = 391*l + 191. List the prime factors of d(6).
43, 59
Suppose -3*b + 4*x = -0*x + 12, -4*x + 12 = 2*b. Let o be -1 + b + (3 - 6). What are the prime factors of (-2)/o + 357/6?
2, 3, 5
Suppose 3*o - 8*o + 40 = 0. What are the prime factors of 218/6 + o/(-6)?
5, 7
Suppose 8 = 4*j, -4*f - 2*j + 36 - 4 = 0. Suppose 5*l = 3*o + 337, 3*l + 264 = f*l - o. List the prime factors of l.
5, 13
Let o(s) = -s**2 - 8*s - 6. Let x be o(-7). List the prime factors of 28 + (x - 0 - -3).
2
Let o = 0 + 2. Let j be (-3 - -5 - 0) + o. Suppose 0 = j*z - 51 + 7. List the prime factors of z.
11
List the prime factors of (234/(-78))/(3/(-134) - 0).
2, 67
Let z(r) = r**2 + 5*r - 2. Suppose 5*f 